+ (-31 - -34) + (-1 - 25) + -38?
-51
What is 38 + (-93 - -98) - 14?
29
What is the value of -4 + 15 - (-6 + (45 + -25 - 2))?
-1
What is the value of (3 - 2) + 58 - ((-42 - -11) + (457 - 437))?
70
-11 + 6 + 115 - (51 - 37 - 25)
121
Calculate -57 - 20 - -89 - (2 + (-3 - -4) + 97).
-88
What is (-3 - (-94 + 3)) + 4 + 4 + -3 + 0?
93
What is -17 - ((-7 - -4) + -7 + 15)?
-22
What is the value of -7 + -2 + 2 - (-30 - (-18 - 2))?
3
(16 - -2 - (-819 + 855)) + 16
-2
Calculate 23 + 8 + (-62 - -15) + (-1 - 8).
-25
Evaluate 7 + (7 - (-1 + -5 + (-41 - -38))).
23
What is -34 + 23 + 0 + 14 - (-82 + 5)?
80
Evaluate -7 + -5 + -2 + (-1 - 6 - (156 + -160)).
-17
What is (12 + -2 - 0) + 1047 + -1090?
-33
Calculate 14 - 5 - 10 - (-3 + -38).
40
What is (16 - -2) + -51 + -1 + (0 - 7) + -3?
-44
What is 16 + 0 + (-26 - ((24 - 5) + -3))?
-26
(-10 - (-3 - -9)) + 26
10
What is 1 + -24 + (41 - (10 + -22))?
30
7 + 13 + (-4 - 56) + 16 + 86
62
-30 - 29 - -22 - (-45 - -13)
-5
Calculate 0 + -34 + -2 + (12 - (-12 + 7) - 16).
-35
Evaluate -146 + 67 + 169 - (0 - -9).
81
Evaluate (32 + 102 - (-6 + -2 + 4 - -10)) + -8.
120
What is the value of -83 - (57 + -97) - -31?
-12
Evaluate -167 - (-187 + -86 + 168).
-62
What is the value of 88 + -85 - (-23 - (-7 + -5))?
14
What is the value of (-13 - (-1 + 4)) + (1 + -19 - 11)?
-45
-6 - (-8 + (26 - (-12 - -17)) + 3)
-22
Calculate 103 + (10 - (-216 - -219 - (-2 - -15))).
123
Calculate -15 + 17 + (11 - -3) - 60.
-44
What is the value of (-1 - 2) + (4 + -21 - 18 - -132)?
94
Evaluate (-9 - 39 - -57) + 22.
31
Calculate 32 + -38 + (-4 - -48 - (5 - 0)) + 1.
34
What is the value of -1 + -69 - -50 - (1 + -27)?
6
Calculate 30 + (-55 - (46 + -14)).
-57
What is (-112 - 30) + 551 + -371?
38
What is -8 - (1 + (10 - 0 - -1) + -108 + 6)?
82
(-15 - 2) + 2 + 30 + -34
-19
Evaluate 8 - (-2 - (-14 + (1 - 1))) - (-31 + 1).
26
Calculate (-4 - -2) + 26 + (12 - (-29 - -40)).
25
-72 + (15 - (-73 + 46))
-30
What is the value of 0 + (-3 - 0) + 3 - (-11806 - -11843)?
-37
Evaluate -8 + 2 + 0 + (9 - 15) + 9.
-3
What is the value of -5 + -8 + (-5 + 1 - (26 + 7 + 27))?
-77
What is the value of 3 + -6 + -13 + (55 - 8 - -4)?
35
What is 4 + -2 - (44 - (45 + -31) - 0)?
-28
What is the value of -9 - ((65 - (-7 - 3 - (-3 + -10))) + -2)?
-69
Calculate 44 - 0 - (10 + -4 + -8) - (820 - 806).
32
What is (371 - 398) + -1 + -18?
-46
Evaluate 7 - (10 + -23 - (11 + (-3 + -2 - 8))).
18
What is the value of 13 + 8 + (-8 - -14) - 13?
14
Evaluate 10 + -5 - (43 + -53 + 27).
-12
What is 114 + -65 - 29 - (-3 + 48)?
-25
Calculate (133 - 118) + 11 + -72.
-46
What is the value of 18 + (11 + 0 - (288 + -293))?
34
(88 - 103) + (26 - 18)
-7
What is the value of ((17 - 50 - -9) + 13 - -42) + 1 + 0?
32
Evaluate 35 + -11 + (-4 + -10 - 107).
-97
-46 + (-24 - -78) + 0 + -44
-36
Calculate (-3 - -5) + -2 + 10 + -110 + 99.
-1
What is -21 + (35 - (-9 - -31 - 13))?
5
What is the value of 10 - (-17 - (-17 + 1))?
11
-141 + 75 - -165 - 155
-56
Evaluate (-87 - -8) + -2 + 12 - (-6 + (-3 - -1)).
-61
Evaluate 2 - (-2 - 15 - -8) - (-12 - -1).
22
-52 - -15 - -30 - -8
1
Calculate -15 + (31 - 17 - (-11 + -2)) - -59.
71
Evaluate 3 - (-123 - -92) - (-76 - -1).
109
What is the value of 222 + -6 + -124 + -65?
27
What is 113 + 51 + -95 + -3?
66
What is -12 - (-1 + -6 + -187 + 206)?
-24
What is -44 + -11 + 3 + -7 + 1 + 16 + -9?
-51
What is the value of 63 + -62 - (5 - (3 - (-4 - -6)))?
-3
Evaluate -15 + (-3 - 1) + 43 + -26 - 10.
-12
Evaluate -79 + (-65 - -148) + -33.
-29
What is -1 + 17 + -10 + 48 + -16 + -14?
24
What is -17 - (-5 + 24 - 1)?
-35
Evaluate 15 - -16 - (9 - 20).
42
Evaluate (2 - (7 + -2 + -2)) + (-48 - -55).
6
3 + 182 + -196 + 1 + -34 + 1
-43
-37 + -1 - 1 - ((19 + -44 - -36) + -16)
-34
-1246 + 1242 - (1 - 1)
-4
Evaluate 94 + -35 + (3 - 46).
16
Evaluate (1056 - 1192) + (-2 - -25) + -1.
-114
What is -10 - (-5 + 9 + 4 + -12) - (19 + -106)?
81
18 - (-4 + (16 - (2 - -7)) - 14)
29
Calculate 5 - (0 + 11 - (32 + (-20 - 10))).
-4
Calculate -146 + (-141 - -129) + 67.
-91
What is the value of -1 + -2 + (-1091 - -1097)?
3
What is the value of (13 + (25 - 24) - 29) + (0 - (-5 + 63))?
-73
(675 - 676) + (-7 - (-1 - -1) - (-50 - -53))
-11
Calculate -35 - (75 + -59 + 23) - 8.
-82
What is the value of 14 - (-40 + (-17 - ((18 - 5) + -25)))?
59
-2088 + 2153 - (1 - 28)
92
Calculate (40 - 41) + -5 + 3 + -7 + -29 + 69.
30
What is the value of 48 + (24 - -29 - 111)?
-10
Evaluate 11 + -41 + (-8 + (9 - 9) - -3).
-35
Calculate -62 - ((-54 - -62) + -59).
-11
-114 - 218 - -176 - ((-1 - -1) + -1 + -15)
-140
Evaluate (-26 - -35) + 4 + -1 + -43 + (-12 - 39).
-82
Calculate (33 - 36) + -25 + 20.
-8
Calculate 60 + -24 + -75 + -9.
-48
What is the value of (71 - 0) + -74 + 38 - 34?
1
Evaluate 23 + (-81 + 77 - (-1 + -15) - -3).
38
What is -140 + 31 + 19 + 11?
-79
Evaluate (78 - -10 - 40) + 4 + 1 + 3.
56
Evaluate (-2 - -4 - 6) + (-11 - 4) + 31 + -12.
0
Calculate (-97 - -4) + ((77 - 18) + -23 - 24).
-81
Evaluate 7 + -49 + 54 + 1 + -9.
4
What is 12 - (-2 + 5 - -10 - (-92 - -41))?
-52
What is the value of -1 + 11 + -8 + 0 + -7 + 20 + 6?
21
What is 27 - -4 - (-10 + 11) - (-1 - -3)?
28
(12 - (-11 + 10)) + 3 + -17 + (-7 - 5)
-13
Calculate -22 + 10 + (-8 - -8) + -5.
-17
What is 10 + ((-1 - 11) + (-503 - -519) - 64)?
-50
What is the value of (2 + -2 - -8) + (204 - 54 - 38) + -33?
87
What is 4 + -10 + 102 + -10 + (-11 - (-13 + 5))?
83
What is (2 - -2 - (-30 - -3)) + (6 - (5 + -5))?
37
Evaluate -149 + 215 + 12 + -34 + 51.
95
What is the value of -7 + (0 - -11) + -26 + 58?
36
Calculate (-37 - -12 - 6 - -16 - -12) + (1 - -17).
15
(8 + -27 - -33 - 3) + 14 + (0 - 4)
21
Evaluate -10 + 45 + -5 + -10.
20
What is -1 - 3 - (-374 + 430) - (-11 + 1)?
-50
What is the value of 82 + (169 - (131 - -20))?
100
Evaluate 13 + -39 - (-113 - -132).
-45
Evaluate -3 - ((-35 - (29 + -46)) + (-3 - -2 - 3)).
19
-18 + -23 - -16 - -5 - -16
-4
What is -87 - (5 + (-11 - -6) - (24 - 16)) - 1?
-80
Evaluate 8 + -58 + (8 - 17) + -5 - -3.
-61
What is the value of -9 + (22 - (-11 - -22)) - 25?
-23
Calculate -8 - (3 + -1 + (-102 - -124)) - (1 - 4).
-29
0 + 86 - (-16 + (24 + -11 + -17 - -24))
82
Calculate -157 + 470 + -166 + (-30 - 2).
115
(-8 - -22 - (-2 + -11)) + -29
-2
Evaluate -12 - (50 - (83 - -17)).
38
What is (-6 - 1) + (-9 - (27 + (-22 - (-7 - 2))))?
-30
What is 3423 + -3299 + 1 + -55?
70
What is the value of (-53 + 24 - -54) + -35 + 15?
5
Calculate (3 - -1) + (-1 - -9 - ((-12 - -33) + -25)).
16
What is the value of -65 + -115 + 200 - (60 + -1)?
-39
What is 0 + -2 + (-124 - -104)?
-22
What is the value of 94 + (-83 + 94 - (-3 - 2))?
110
(46 - (3 - -41)) + -52
-50
Calculate 101 - ((-65 - -118) + -14).
62
What is the value of 220 - (49 + 52) - 6?
113
Calculate -47 - (7 - (52 - -6)).
4
Calculate (1 + 81 - -3) + -57 + (35 - -18).
81
Evaluate 8 + (-9 + -18 - -66) + -15 + (0 - 6).
26
Evaluate -3 - (9 - (1 - ((3 - -1) + -5)) - 29).
19
Calculate 29 + 79 + 38 + -88.
58
What is -13 + (6 - (4 + -3)) + -3 + 11?
0
What is the value of 24 + -13 + 31 + 5 - 14?
33
What is -9 - (30 + -32 + -7)?
0
Evaluate -55 - (-69 - 27) - 51.
-10
What is 18 + (2 - -2) - (-174 + 162)?
34
What is (-88 - -14 - -25) + 89?
40
Calculate 92 + (21 - 34 - -17) + -35.
61
Evaluate 24 - 0 - (-29 - -93 - 62).
22
-49 - (-6 - -55 - 58)
-40
Evaluate (6 + -37 - -158) + -30 + -19.
78
Calculate (8 - -6) + -7 - -9 - (27 + -3).
-8
(-974 - -845) + 105 + 10
-14
Calculate (-1 - 7) + 6 + 2 - 21.
-21
Calculate 79 - 21 - (42 + -38 - (-4 - -21)).
71
-23 - -31 - 2 - 8
-2
Evaluate 21 - ((6 + -3 - 5) + 8) - (-714 + 643).
86
Evaluate 194 + -190 + -31 + -2 + 10 + 1.
-18
Calculate 14 + (-8 - ((-1 - -2) + 63)) + 14 + -10.
-54
What is the value of -42 + (-34 - (-14 - (0 + 196)))?
134
Calculate -31 - (-6 + (-26 - -13) - 57).
45
Calculate -1 + 0 - (-280 - -278) - (-4 + -1).
6
What is 8 + (0 - (18 - -12)) + 14?
-8
What is the value of -6 - 34 - -2 - -35 - -14?
11
-10 + 1 + 6 - (3 - (8 - -23) - -12)
13
What is the value of -19 - -1 - (-1409 - -1482)?
-91
What is 16 + ((-17 - -22) + 0 + -18 - -5)?
8
(-18 - -2) + 6 + -2 + (24 - (4 - 4))
12
(0 - 2 - 6) + (-33 + -22 + 19 - -4)
-40
What is the value of 24 - (-42 - -20 - (0 - 2))?
44
0 + -100 + 1 + -1 - (-167 + 149)
-82
What is the value of 45 - ((-5 - (-1 - -1)) + 36 + 7 + -39)?
46
(-37 - -45 - -12) + -50
-30
What 